{"id":17,"date":"2026-03-12T10:17:54","date_gmt":"2026-03-12T09:17:54","guid":{"rendered":"https:\/\/adelamo.kreativa.es\/?page_id=17"},"modified":"2026-03-12T10:17:54","modified_gmt":"2026-03-12T09:17:54","slug":"sobre-mi","status":"publish","type":"page","link":"https:\/\/adelamo.kreativa.es\/index.php\/sobre-mi\/","title":{"rendered":"Sobre M\u00ed"},"content":{"rendered":"<p>[et_pb_section fb_built=\u00bb1&#8243; _builder_version=\u00bb4.27.6&#8243; _module_preset=\u00bbdefault\u00bb global_colors_info=\u00bb{}\u00bb][et_pb_row column_structure=\u00bb1_2,1_2&#8243; _builder_version=\u00bb4.27.6&#8243; _module_preset=\u00bbdefault\u00bb global_colors_info=\u00bb{}\u00bb custom_padding=\u00bb||0px|||\u00bb][et_pb_column type=\u00bb1_2&#8243; _builder_version=\u00bb4.27.6&#8243; _module_preset=\u00bbdefault\u00bb global_colors_info=\u00bb{}\u00bb][et_pb_image src=\u00bbhttps:\/\/adelamo.kreativa.es\/wp-content\/uploads\/2026\/03\/imagen_2026-03-12_094607064-e1773305965643.png\u00bb _builder_version=\u00bb4.27.6&#8243; _module_preset=\u00bbdefault\u00bb align=\u00bbright\u00bb hover_enabled=\u00bb0&#8243; sticky_enabled=\u00bb0&#8243; title_text=\u00bbimagen_2026-03-12_094607064&#8243;][\/et_pb_image][\/et_pb_column][et_pb_column type=\u00bb1_2&#8243; _builder_version=\u00bb4.27.6&#8243; _module_preset=\u00bbdefault\u00bb global_colors_info=\u00bb{}\u00bb][et_pb_text _builder_version=\u00bb4.27.6&#8243; _module_preset=\u00bbdefault\u00bb global_colors_info=\u00bb{}\u00bb]<\/p>\n<h1>Antonio Del Amo<\/h1>\n<p>Soy Antonio Del Amo, arquitecto con sede en C\u00e1ceres. Mi estudio se especializa en proyectos de obra nueva, rehabilitaci\u00f3n y direcci\u00f3n de obra, con un enfoque integral que acompa\u00f1a al cliente desde el primer boceto hasta la entrega de llaves.<\/p>\n<p>Con a\u00f1os de experiencia, he desarrollado proyectos tanto residenciales como comerciales en Extremadura, siempre con el mismo compromiso: crear espacios que respondan a las necesidades reales de quienes los habitan.<\/p>\n<p>[\/et_pb_text][\/et_pb_column][\/et_pb_row][\/et_pb_section]<\/p>\n","protected":false},"excerpt":{"rendered":"<p>Antonio Del Amo Soy Antonio Del Amo, arquitecto con sede en C\u00e1ceres. Mi estudio se especializa en proyectos de obra nueva, rehabilitaci\u00f3n y direcci\u00f3n de obra, con un enfoque integral que acompa\u00f1a al cliente desde el primer boceto hasta la entrega de llaves. Con a\u00f1os de experiencia, he desarrollado proyectos tanto residenciales como comerciales en [&hellip;]<\/p>\n","protected":false},"author":1,"featured_media":0,"parent":0,"menu_order":0,"comment_status":"closed","ping_status":"closed","template":"","meta":{"_et_pb_use_builder":"on","_et_pb_old_content":"","_et_gb_content_width":"","footnotes":""},"class_list":["post-17","page","type-page","status-publish","hentry"],"_links":{"self":[{"href":"https:\/\/adelamo.kreativa.es\/index.php\/wp-json\/wp\/v2\/pages\/17","targetHints":{"allow":["GET"]}}],"collection":[{"href":"https:\/\/adelamo.kreativa.es\/index.php\/wp-json\/wp\/v2\/pages"}],"about":[{"href":"https:\/\/adelamo.kreativa.es\/index.php\/wp-json\/wp\/v2\/types\/page"}],"author":[{"embeddable":true,"href":"https:\/\/adelamo.kreativa.es\/index.php\/wp-json\/wp\/v2\/users\/1"}],"replies":[{"embeddable":true,"href":"https:\/\/adelamo.kreativa.es\/index.php\/wp-json\/wp\/v2\/comments?post=17"}],"version-history":[{"count":4,"href":"https:\/\/adelamo.kreativa.es\/index.php\/wp-json\/wp\/v2\/pages\/17\/revisions"}],"predecessor-version":[{"id":33,"href":"https:\/\/adelamo.kreativa.es\/index.php\/wp-json\/wp\/v2\/pages\/17\/revisions\/33"}],"wp:attachment":[{"href":"https:\/\/adelamo.kreativa.es\/index.php\/wp-json\/wp\/v2\/media?parent=17"}],"curies":[{"name":"wp","href":"https:\/\/api.w.org\/{rel}","templated":true}]}}